+ q**2/2 + 9*q. Give y(7).
-20
Let f(w) = w**2 + 1. Let i(h) = 4*h**3 + h**2 - h + 3. Let z = 6 - 4. Let d(r) = z*f(r) - i(r). What is d(1)?
-3
Let p(b) = b**2 + 6 - 7*b + 2*b + b - b. Suppose -4*m - 1 = -5*w + 8, 2*w - 2 = 2*m. What is p(m)?
2
Let i be -2 + 1 + 1 - -1. Let u(k) = -7*k**2 + 1. Give u(i).
-6
Let i(w) = -4*w. Let r(u) = -7*u - 1. Let o(f) = 5*i(f) - 3*r(f). Determine o(-3).
0
Let l(o) be the third derivative of -o**4/6 - o**3/2 - 6*o**2. Give l(-3).
9
Let n(k) = 6*k**2 + k - 1. Let g(c) = -c**3 + 2*c + 1. Let a be g(-1). Suppose -u + a*u + 1 = 0. Let t = u + 0. Give n(t).
6
Let f = 13 - 8. Let o(m) = 2 + 2 - 3 + 0 + 2*m. Calculate o(f).
11
Let i(y) be the second derivative of 0 - y**2 + 1/12*y**4 + 1/3*y**3 - 10*y. Calculate i(-2).
-2
Suppose 2*f = -3*f + 7*f. Let w(o) = o**3 + o**2 + 8. Calculate w(f).
8
Let j(a) = -2*a. Let d be j(-4). Let f(l) = -7*l**2 + l**3 + l**2 + 0*l**3 - d. What is f(6)?
-8
Suppose 0*w + w = 5*t - 4, 0 = -5*t - 5*w + 10. Let s(g) = -6*g**2 - 1. Give s(t).
-7
Let h(g) = 3*g + 3. Suppose 3*b = 4*b + 3. What is h(b)?
-6
Let g(x) be the first derivative of -2*x - 5 - 1/2*x**2. What is g(-2)?
0
Suppose 4*t + 19 = -5*z + 7, 12 = -3*z. Let x = 7 + -2. Let k(v) = -v**t + 3*v - x + 0*v**2 + v. Determine k(4).
-5
Let n(y) = -y - 3*y**2 + 4*y**2 + 2 - 3. Suppose -5*h + 4*i + 10 = -i, -5*h + 2*i = 2. What is n(h)?
5
Let b(m) = -m**3 - 4*m**2 + 4*m - 4. Let n be (-2)/(-9)*-3*3. Let a be (-1)/n*(-36)/(-3). Let x = a + -11. Determine b(x).
1
Let g(t) = t**3 + 3*t**2 + t. Suppose 0 = -2*z - 3*j - 5, 4 = -4*j - 16. Suppose f + 2 - 5 = -2*s, -z*f + 25 = 0. Determine g(s).
1
Let f(y) = y**3 + y**2 + 3 - 2*y - 5 + y. Determine f(2).
8
Let v = -140 + 143. Let m(n) = -n**2 + 3*n. Determine m(v).
0
Let y(g) = g**3 - 6*g**2 - 6*g - 3. Suppose 0 = -4*z + 16, o + 4*z + 1 = 6*z. Determine y(o).
4
Let u = 21 - 33. Let p = u + 21. Let k(b) = -b**2 - 2*b**2 + 1 - p*b**2. Determine k(-1).
-11
Let b = 3 + -2. Let f(k) be the third derivative of 1/6*k**3 + 0*k + 0 + 1/3*k**4 + 4*k**2. Calculate f(b).
9
Let d(z) be the first derivative of z**4 - z**3/3 + z + 1. Suppose -8*j - 18 = -10. What is d(j)?
-4
Suppose -2*r = -b - 8, 6*b + r + 40 = b. Let s = b - -15. Let f(a) = 2*a - 8. What is f(s)?
6
Let l(n) be the second derivative of -5*n**3/6 - 7*n**2/2 + 23*n. Give l(-5).
18
Let r = 21 - 11. Suppose -3*z + 3 = y - r, -5*z - 4*y = -24. Let u(l) = -4*l + 5*l + z + l - l. Calculate u(0).
4
Let m(s) = 2*s + 2*s + 2*s + 7 + s**2. Let c = -5 - -3. Let x be 1*(-4 - c - 3). Calculate m(x).
2
Let f = 170 - 173. Let c(d) = -d**3 - 6*d**2 - 4*d. What is c(f)?
-15
Let i be (1*-20)/(-1)*106/265. Let j(c) = c**3 - 8*c**2 + 2*c - 9. Give j(i).
7
Let i(x) be the first derivative of x**4/24 + x**3 - x**2/2 - 2. Let c(l) be the second derivative of i(l). Give c(-5).
1
Let g(i) = -6*i**3 - i - 1. Let d(b) = -3*b - 28. Let t be d(-9). Give g(t).
6
Let k(a) be the third derivative of a**5/60 - 5*a**4/24 - a**3/3 + 32*a**2. Determine k(6).
4
Suppose -3*n + 8*n = 0. Let k(u) = 0*u**2 + u**2 + 2*u + n*u - 5*u. Calculate k(2).
-2
Suppose -6 - 2 = 2*z - 3*j, 2*j - 8 = 0. Let d be (z - 3)*5*1. Let r(s) = 2*s + s**2 + 2 - s + 5*s. Calculate r(d).
-3
Let m(k) = k**2 + 4*k - 3. Let y be m(-5). Suppose 6 = -4*d - y. Let l(w) = w + 2. Give l(d).
0
Let d(n) = -n**3 - n**2 + 1. Let s(r) = -r**2 - r + 1. Let v be s(-2). Let i(l) = -2*l**3 - 4*l**2 + 5. Let k(t) = v*i(t) + d(t). Calculate k(-3).
-4
Let i(d) = 0*d + 2*d - 4*d + 5. Let u = -5 + 1. Let g be u/6 + (-51)/(-9). What is i(g)?
-5
Let f(o) be the second derivative of o**5/20 - o**4/6 + o**3/3 - o**2/2 + 6*o + 12. Let p(n) = -n**3 + 3*n**2 - n + 1. Let l be p(2). Give f(l).
14
Let x(p) = p**3 + 5*p**2 + p - 3. Let f be x(-5). Let m(j) = j**3 + 9*j**2 + 8*j + 1. Let s be m(f). Let u(v) = 0 - v**2 - 6*v**2 + 1. Give u(s).
-6
Let s(a) = a**3 - a**2 + a + 1. Let l(v) = v**3 - 9*v**2 + 3*v - 2. Let c(z) = l(z) - 2*s(z). Calculate c(-7).
-11
Let q(b) = b + 2. Let l(u) = u - 8. Let d(y) = y**2 - 4*y - 8. Let j be d(6). Let p be l(j). Determine q(p).
-2
Let f(m) = m + 2. Let n be f(0). Let x = 2 - n. Suppose x = 5*a + 9 + 6. Let s(d) = d**3 + 2*d**2 - 2*d - 3. What is s(a)?
-6
Suppose 2*x + 2 = v - 0*x, 0 = -x - 2. Let r(y) = 3*y**2 - 2. Determine r(v).
10
Let l(z) = z**2 - 2*z - 3. Let n be 1*(-1)/(-1) - -1. Suppose -4*a - n = -5*a. Suppose 3*m - 20 = -a*u, 2*u - 8 = 5*u - 5*m. Give l(u).
5
Let h(l) be the second derivative of -1/60*l**5 + l**2 + 1/6*l**4 + 0 - 1/2*l**3 + 3*l. Let o(s) be the first derivative of h(s). Calculate o(4).
-3
Let i be (-9)/(45/(-10)) + (3 - 2). Let t(c) = -4*c + 1. Calculate t(i).
-11
Let j(a) = -6*a**2 + 8. Let l(b) = b**2 + b. Let n(k) = -j(k) - 5*l(k). Let q = -4 + 10. Give n(q).
-2
Let b(h) = -3*h**2 - 2*h - 2. Let r(l) = -13*l**2 - 9*l - 8. Let y(d) = 9*b(d) - 2*r(d). Let z(q) = q**2 + 6*q - 2. Let a be z(-6). Calculate y(a).
-6
Let n(o) = o + 1. Let h(z) = 3*z + 1. Let t(m) = -h(m) + n(m). Let d(v) = v - 20. Let l be d(14). Calculate t(l).
12
Let d(t) = -t**3 - 1. Let y(p) = 8*p**3 - 2*p**2 + 4. Let k(j) = 25*j**3 - 5*j**2 + 12. Let q(f) = -2*k(f) + 7*y(f). Let v(l) = -5*d(l) - q(l). Give v(3).
10
Let q = 189 - 188. Let g(s) be the first derivative of 10*s**3/3 - s**2 + s + 1. Calculate g(q).
9
Suppose 4*d + 24 = 3*s + s, -5*s - 4*d + 12 = 0. Let b(q) = 20 + s*q**2 - 41 - 6*q + 21 + q**3. What is b(-5)?
5
Suppose 6 = -2*x + 4*o, -4*o + 21 = 3*x - 0*o. Suppose -c = x*c. Let p(b) = b**2 + b + 2. Determine p(c).
2
Let u(w) = 2*w**2 + w. Let o(h) = 2*h - 7. Let p be o(8). Suppose 6*m + 3 = p*m. What is u(m)?
3
Let a(f) = 5*f**2 - 10*f + 5. Let j(y) = -y**2 + y. Let k(t) = -a(t) - 6*j(t). Suppose 0*h = h - 11. Let z = 7 - h. Determine k(z).
-5
Let h(p) = -p**3 - 5*p**2 - 6*p - 5. Let i be h(-4). Let x(c) = c**2 + 2*c - 3. What is x(i)?
12
Let o(z) = -4*z**2 - z + 1. Suppose -3*i + 16 + 5 = 0. Let m = i + -6. What is o(m)?
-4
Let s(f) = -2*f**2 - 3*f + 4. Suppose 0 = -w - 5 + 2. Calculate s(w).
-5
Let a(i) be the second derivative of -i**6/360 + i**5/24 + i**4/12 - i**3/3 + 3*i. Let l(t) be the second derivative of a(t). Determine l(5).
2
Let j be 4/22 - 21/(-66). Let c(m) be the first derivative of 2 - 10*m + j*m**2. What is c(5)?
-5
Let k = -13 - -7. Let p(c) = -c**3 - 7*c**2 - 8*c - 7. Determine p(k).
5
Let q(y) be the first derivative of y**4/4 + 14*y**3/3 + 6*y**2 - 15*y - 69. What is q(-13)?
-2
Let p(j) = -j**2 + 3*j - 3*j + 4*j + j - 6. Let h be p(5). Let n(a) = -a**2 - 6*a + 7. What is n(h)?
7
Let x(b) = b**2 - 5. Let u be 6/((-18)/4 + 3)*1. Determine x(u).
11
Let j(i) be the third derivative of 0*i - 1/60*i**5 + 1/12*i**4 + 1/3*i**3 + 0 + 5*i**2. What is j(3)?
-1
Let j be (1/(-3))/((-3)/27). Let c(s) = 3 + 3 + s**3 + 0*s**j + 4*s**2 - 5. Calculate c(-4).
1
Suppose -3*q - 7 = 8. Let h(k) be the first derivative of -k**3/3 - k**2 + 5*k + 11. What is h(q)?
-10
Let c(p) = -p - 4. Let f be 7*((-6)/(-27) + (-11)/9). Give c(f).
3
Let x(z) = 3*z - 6*z + 2*z - 2. Let u be (-2)/15*3*-25. Suppose 5*v - u = -0*v. Calculate x(v).
-4
Let k(q) = -q**2 + 9*q - 10. Let l(v) = -7*v - 6. Let z be l(-2). Give k(z).
-2
Let s(j) = j**3 + 7*j**2 + 2. Let y be s(-7). Let a(m) = m**2 + 3*m - 3*m**y + 0*m**2. What is a(3)?
-9
Let f(m) = 1 - 2 - 3*m + 6*m. Let g be (2/6)/((-5)/(-45)). Determine f(g).
8
Suppose -a = 3*d - 12 - 2, 12 = 2*d - 2*a. Let m = -5 + d. Let k(z) = -z**2 - z + 6. What is k(m)?
6
Let k(w) = -3*w + 2. Let p be 3/(6/(48/28) + -2). What is k(p)?
-4
Let m(r) = r**2 + r. Let k be (-2 + 1)/(4/(-8)). Let o(j) = j**k - 9*j**2 + 1 + j**2 + j**2. Let y(w) = -4*m(w) - o(w). What is y(3)?
5
Let h(u) = u**2 + 4*u - 2. Let d(z) = z**2 + 5*z - 3. Let c(i) = 4*d(i) - 3*h(i). Let f be c(-9). Let o(p) = -p**2 + 4*p - 4. Calculate o(f).
-1
Let z(v) = 1. Let d(p) = p + 6. Let b(a) = d(a) - 5*z(a). Let s(w) = -1. Let h(y) = -2*b(y) - s(y). Let x = -47 + 46. What is h(x)?
1
Let k(x) = -4*x**2. Let c be -5 - (0 - 1 - -1). Let l(z) = -z**2 + z + 2. Let h be l(3). Let o = h - c. Calculate k(o).
-4
Let v be (3*1)/((-24)/(-16)). Let i(n) = -3*n**2 - 1 - 2*n**2 - 2 + 4*n**v - 4*n. Let u be (-1)/4 - 7/4. Determine i(u).
1
Let t(i) = 3*i**3 - 2*i**2 + i. Let n(y) = y - 9. Let b be n(9). Suppose 5*c - 2*c + 6 = b, 4